13?
664074
What is 3140536 (base 7) in base 16?
5caee
Convert -37421a9 (base 11) to base 9.
-13212117
What is -3986751 (base 11) in base 4?
-122102022233
Convert -175154 (base 10) to base 14.
-47b90
Convert 20112112 (base 4) to base 15.
a1ed
What is -110000223 (base 4) in base 2?
-10100000000101011
-1305111 (base 9) to base 10
-712324
Convert -1322676 (base 11) to base 4.
-20232131223
-1b397 (base 15) to base 10
-88567
Convert 3970681 (base 11) to base 8.
32144764
-24332003 (base 5) to base 16
-3836d
Convert -3052522 (base 6) to base 11.
-a0554
What is 10200031011 (base 4) in base 8?
4401505
What is -8562612 (base 9) in base 6?
-242201102
What is 773716 (base 8) in base 4?
333133032
Convert 1101101012022 (base 3) to base 15.
e7ebe
Convert 431667 (base 10) to base 4.
1221120303
What is 110101110111001101000010 (base 2) in base 7?
231005304
Convert 103427 (base 8) to base 15.
a3a8
What is 1214263 (base 8) in base 5?
41142003
Convert 2298ba (base 13) to base 4.
3020123322
-99e375 (base 16) to base 14
-14a7541
Convert 31775022 (base 8) to base 11.
39346a1
What is 1553e (base 15) in base 10?
68684
-3315155 (base 7) to base 6
-12422525
Convert -100110010011010001101101 (base 2) to base 3.
-200220002212202
Convert -210123210 (base 4) to base 13.
-52bc6
101200310223 (base 4) to base 8
21406453
Convert -11221020002020 (base 3) to base 5.
-1132403043
Convert 136471 (base 9) to base 8.
243046
What is a838 (base 13) in base 14?
8733
-308742 (base 13) to base 4
-10110202110
Convert -1b3604 (base 13) to base 2.
-10101001001101010001
What is -a93687 (base 13) in base 5?
-2004241240
-1ba849 (base 12) to base 8
-1707471
1030112220 (base 4) to base 15
629e9
Convert -260192 (base 13) to base 15.
-130d45
What is -b0ad (base 14) in base 16?
-7681
What is 512010 (base 6) in base 2?
1001111010100110
What is 44122142 (base 5) in base 14?
9c516
-3511103 (base 6) to base 14
-49a59
What is 22eb92 (base 16) in base 12?
92446a
514640 (base 7) to base 6
1520002
Convert 100ab (base 16) to base 7.
362365
Convert -1010100101010100111011 (base 2) to base 10.
-2774331
Convert -1011110001101011110 (base 2) to base 7.
-3165014
Convert -1100503 (base 9) to base 6.
-20355350
What is 101133343 (base 5) in base 7?
3333234
137477 (base 9) to base 2
10100100100000101
Convert -1d094c (base 15) to base 2.
-101011010100101001101
Convert 15315565 (base 7) to base 3.
2202111211011
-311556 (base 12) to base 14
-16073c
10000100101 (base 4) to base 8
4002021
Convert -605377 (base 12) to base 5.
-341032110
Convert -25b05 (base 13) to base 3.
-10112222112
-32612d (base 15) to base 13
-660472
Convert 43c5d (base 16) to base 6.
5541101
-921415 (base 12) to base 5
-1041031111
-8016a0 (base 11) to base 10
-1290575
-278119 (base 10) to base 14
-734d9
Convert 10001000100111101001011 (base 2) to base 15.
5d669c
What is 15087 (base 12) in base 13?
10558
Convert -277615 (base 8) to base 2.
-10111111110001101
What is -13005642 (base 7) in base 5?
-300203104
-116014 (base 7) to base 9
-32161
Convert -853c8 (base 13) to base 8.
-725020
What is 4100304 (base 6) in base 14?
50c5a
Convert -100002222000 (base 3) to base 7.
-1344522
Convert -114122032 (base 5) to base 3.
-1000020002212
-14311427 (base 8) to base 7
-36421032
-11022102 (base 7) to base 14
-1a9039
What is -144333 (base 7) in base 3?
-1102100100
What is 4367337 (base 8) in base 3?
2012201011021
30430014 (base 7) to base 12
a28a13
Convert cf533 (base 16) to base 9.
1533788
-1954905 (base 15) to base 2
-1000110100011000011010111
What is a9254 (base 14) in base 9?
683432
Convert -b3a3 (base 13) to base 5.
-1243212
Convert -261533 (base 8) to base 13.
-3253a
What is 2882804 (base 9) in base 8?
6041160
-24520058 (base 9) to base 7
-203666531
166714 (base 8) to base 10
60876
Convert -1cb53a (base 13) to base 7.
-6165525
-1031321132 (base 4) to base 16
-4de5e
Convert 50275 (base 12) to base 8.
313171
-2013350 (base 7) to base 5
-30121120
5713 (base 12) to base 13
4524
What is -36066 (base 9) in base 15?
-722c
What is 18304 (base 12) in base 11?
24325
Convert -245120404 (base 6) to base 8.
-22010124
What is -322010133 (base 4) in base 15?
-4a720
Convert 1121011002112 (base 3) to base 16.
cf5c9
11516632 (base 7) to base 3
1221022220021
-1022221021022 (base 3) to base 9
-1287238
Convert 11111011000111010 (base 2) to base 7.
1043561
343444424 (base 6) to base 9
12826157
-36853c (base 14) to base 5
-434220304
Convert -32573c (base 15) to base 6.
-123221150
What is -4593b2 (base 13) in base 8?
-6223422
What is -45cbb (base 13) in base 6?
-2421511
Convert -1010110011011000101 (base 2) to base 7.
-3003016
Convert -2721137 (base 8) to base 9.
-1381811
What is 4321424324 (base 5) in base 15?
c12329
11674953 (base 10) to base 2
101100100010010101001001
-132444302 (base 5) to base 6
-22222151
1418421 (base 10) to base 9
2601633
What is -423c1 (base 16) in base 6?
-5452001
614435 (base 12) to base 6
52334505
Convert 100000100111110000111 (base 2) to base 5.
233201220
What is 2997055 (base 10) in base 4?
23123230333
-10001101010111110010 (base 2) to base 3
-1002102022121
What is 4305643 (base 8) in base 5?
243243414
Convert -96bc16 (base 13) to base 14.
-681b33
-122212011200 (base 3) to base 12
-14b500
1446003 (base 7) to base 4
233332332
5333743 (base 11) to base 16
8f46c8
What is 20110220030 (base 4) in base 2?
1000010100101000001100
What is -16b706 (base 13) in base 14?
-10b007
Convert -1212160 (base 7) to base 8.
-455511
Convert -12561 (base 15) to base 6.
-1131131
What is 289454 (base 10) in base 2?
1000110101010101110
Convert 6321d2 (base 15) to base 3.
22212120011122
What is -1002011132 (base 4) in base 7?
-2205113
What is 5aa4a (base 11) in base 7?
513626
a5297a (base 11) to base 5
413000203
307449 (base 12) to base 3
1102120110110
122804 (base 11) to base 8
572657
Convert -321233524 (base 6) to base 14.
-a76a60
What is 1302400424 (base 5) in base 4?
30011221200
-304323 (base 6) to base 14
-8c0b
a834c2 (base 16) to base 9
22661423
5270566 (base 9) to base 8
12607077
-1410366 (base 8) to base 16
-610f6
What is 24b68 (base 15) in base 2?
11100101001001011
Convert ea3c35 (base 15) to base 12.
389891b
What is -22012212210 (base 3) in base 7?
-1242402
Convert -7421341 (base 11) to base 12.
-4467274
Convert -10001001010000000000110 (base 2) to base 8.
-21120006
What is -395a7 (base 13) in base 12?
-5171a
What is -11224403 (base 5) in base 13?
-3748b
Convert 44608 (base 12) to base 9.
147408
Convert -3a388 (base 13) to base 11.
-7438a
Convert c8ee (base 16) to base 4.
30203232
-122101000112210 (base 3) to base 6
-525511250
Convert 5414412 (base 8) to base 7.
15211110
155611143 (base 7) to base 9
21806343
What is 10300231 (base 5) in base 11?
5a876
Convert 112818 (base 12) to base 7.
2221256
Convert a002a (base 11) to base 16.
23c0a
What is 33221030 (base 4) in base 7?
354545
Convert -30204334 (base 5) to base 3.
-110020220001
Convert -114330 (base 7) to base 3.
-1001110110
-101011111010111000011 (base 2) to base 5
-332023141
What is -357c44 (base 14) in base 9?
-3384361
424270 (base 13) to base 4
11322302113
Convert -120201032120 (base 4) to base 2.
-11000100001001110011000
What is 4bb818 (base 12) in base 11?
77a37a
What is -2100111000100 (base 3) in base 5?
-304441030
1438873 (base 11) to base 8
11332730
What is 5879b (base 12) in base 4?
130331213
Convert -2290696 (base 10) to base 3.
-11022101020121
-168447 (base 9) to base 2
-11001100010100110
What is 1213302330 (base 5) in base 8?
12743542
184682 (base 9) to base 16
1c145
Convert 1136210 (base 8) to base 6.
10353024
What is -52639 (base 13) in base 15?
-2dde1
Convert 1101212011212 (base 3) to base 15.
eabce
Convert -818153 (base 9) to base 7.
-4056513
-43652421 (base 8) to base 15
-c58385
312130121 (base 4) to base 2
110110011100011001
Convert -1303032120 (base 4) to base 13.
-136a88
595266 (base 10) to base 15
bb596
Convert -38081 (base 15) to base 6.
-3500404
What is -5578b (base 14) in base 6?
-4235411
22112021020121 (base 3) to base 2
10001010010100010010011
Convert -16555b (base 12) to base 9.
-642838
What is 550611 (base 7) in base 9?
156136
What is 1432033 (base 5) in base 3?
1112112001
What is 220323033000 (base 4) in base 10?
10728384
What is -1010011111010111001 (base 2) in base 15?
-6bcac
Convert 